{"id":482,"date":"2020-07-01T17:40:28","date_gmt":"2020-07-01T17:40:28","guid":{"rendered":"http:\/\/demos.upperthemes.com\/alma\/site1\/?page_id=482"},"modified":"2024-10-02T10:08:56","modified_gmt":"2024-10-02T10:08:56","slug":"contact-version-1","status":"publish","type":"page","link":"https:\/\/domnasesje.pl\/?page_id=482","title":{"rendered":"Kontakt"},"content":{"rendered":"<div class=\"wpb-content-wrapper\"><p>[vc_row full_width=&#8221;stretch_row&#8221; el_class=&#8221;contacts-zindex-higher&#8221;][vc_column][vc_separator][vc_empty_space height=&#8221;80px&#8221;][vc_row_inner][vc_column_inner width=&#8221;1\/3&#8243;]<div class=\"ult-animation  ult-animate-viewport  ult-no-mobile \" data-animate=\"fadeInUp\" data-animation-delay=\"0\" data-animation-duration=\"1\" data-animation-iteration=\"1\" style=\"opacity:0;\" data-opacity_start_effect=\"80\"><div class=\"aio-icon-component    style_1\"><div id=\"Info-box-wrap-7053\" class=\"aio-icon-box top-icon\" style=\"\"  ><div class=\"aio-icon-top\"><div class=\"ult-just-icon-wrapper  \"><div class=\"align-icon\" style=\"text-align:center;\">\n<div class=\"aio-icon none \" data-animation=\"fadeInDown\" data-animation-delay=\"03\" style=\"color:#212121;font-size:34px;display:inline-block;\">\n\t<i class=\"linearicons-map\"><\/i>\n<\/div><\/div><\/div><\/div><div class=\"aio-icon-description ult-responsive\"  data-ultimate-target='#Info-box-wrap-7053 .aio-icon-description'  data-responsive-json-new='{\"font-size\":\"desktop:15px;\",\"line-height\":\"desktop:22px;\"}'  style=\"font-family:&#039;Poppins&#039;;font-weight:normal;font-style:normal;\">Okolice Katowic<\/p>\n<div id=\"gtx-trans\" style=\"position: absolute; left: 67px; top: -9px;\">\n<div class=\"gtx-trans-icon\"><\/div>\n<\/div>\n<p><\/div> <!-- description --><\/div> <!-- aio-icon-box --><\/div> <!-- aio-icon-component --><\/div>[\/vc_column_inner][vc_column_inner width=&#8221;1\/3&#8243; css=&#8221;.vc_custom_1525886959910{padding-left: 40px !important;}&#8221;]<div class=\"ult-animation  ult-animate-viewport  ult-no-mobile \" data-animate=\"fadeInUp\" data-animation-delay=\"0.3\" data-animation-duration=\"1\" data-animation-iteration=\"1\" style=\"opacity:0;\" data-opacity_start_effect=\"80\"><div class=\"aio-icon-component    style_1\"><div id=\"Info-box-wrap-7155\" class=\"aio-icon-box top-icon\" style=\"\"  ><div class=\"aio-icon-top\"><div class=\"ult-just-icon-wrapper  \"><div class=\"align-icon\" style=\"text-align:center;\">\n<div class=\"aio-icon none \"  style=\"color:#212121;font-size:34px;display:inline-block;\">\n\t<i class=\"linearicons-at-sign\"><\/i>\n<\/div><\/div><\/div><\/div><div class=\"aio-icon-description ult-responsive\"  data-ultimate-target='#Info-box-wrap-7155 .aio-icon-description'  data-responsive-json-new='{\"font-size\":\"desktop:15px;\",\"line-height\":\"desktop:22px;\"}'  style=\"font-family:&#039;Poppins&#039;;font-weight:normal;font-style:normal;\">biuro@domnasesje.pl<\/p>\n<div id=\"gtx-trans\" style=\"position: absolute; left: 147px; top: 38px;\">\n<div class=\"gtx-trans-icon\"><\/div>\n<\/div>\n<p><\/div> <!-- description --><\/div> <!-- aio-icon-box --><\/div> <!-- aio-icon-component --><\/div>[\/vc_column_inner][vc_column_inner width=&#8221;1\/3&#8243;]<div class=\"ult-animation  ult-animate-viewport  ult-no-mobile \" data-animate=\"fadeInUp\" data-animation-delay=\"0.6\" data-animation-duration=\"1\" data-animation-iteration=\"1\" style=\"opacity:0;\" data-opacity_start_effect=\"80\"><div class=\"aio-icon-component    style_1\"><div id=\"Info-box-wrap-4847\" class=\"aio-icon-box top-icon\" style=\"\"  ><div class=\"aio-icon-top\"><div class=\"ult-just-icon-wrapper  \"><div class=\"align-icon\" style=\"text-align:center;\">\n<div class=\"aio-icon none \"  style=\"color:#212121;font-size:34px;display:inline-block;\">\n\t<i class=\"linearicons-phone-wave\"><\/i>\n<\/div><\/div><\/div><\/div><div class=\"aio-icon-description ult-responsive\"  data-ultimate-target='#Info-box-wrap-4847 .aio-icon-description'  data-responsive-json-new='{\"font-size\":\"desktop:15px;\",\"line-height\":\"desktop:22px;\"}'  style=\"font-family:&#039;Poppins&#039;;font-weight:normal;font-style:normal;\">(+48) 602 242 370<\/div> <!-- description --><\/div> <!-- aio-icon-box --><\/div> <!-- aio-icon-component --><\/div>[\/vc_column_inner][\/vc_row_inner][vc_empty_space height=&#8221;50px&#8221;][\/vc_column][\/vc_row][vc_row css=&#8221;.vc_custom_1525886140033{padding-top: 100px !important;padding-right: 50px !important;padding-bottom: 100px !important;padding-left: 50px !important;}&#8221;][vc_column width=&#8221;2\/3&#8243;]<div class=\"ult-animation  ult-animate-viewport  ult-no-mobile \" data-animate=\"fadeInUp\" data-animation-delay=\"0.3\" data-animation-duration=\"1\" data-animation-iteration=\"1\" style=\"opacity:0;\" data-opacity_start_effect=\"80\"><div class=\"ult-spacer spacer-69fac034d0110\" data-id=\"69fac034d0110\" data-height=\"0\" data-height-mobile=\"70\" data-height-tab=\"\" data-height-tab-portrait=\"\" data-height-mobile-landscape=\"70\" style=\"clear:both;display:block;\"><\/div>\n<div class=\"wpcf7 no-js\" id=\"wpcf7-f7-o1\" lang=\"pl-PL\" dir=\"ltr\" data-wpcf7-id=\"7\">\n<div class=\"screen-reader-response\"><p role=\"status\" aria-live=\"polite\" aria-atomic=\"true\"><\/p> <ul><\/ul><\/div>\n<form action=\"\/index.php?rest_route=%2Fwp%2Fv2%2Fpages%2F482#wpcf7-f7-o1\" method=\"post\" class=\"wpcf7-form init\" aria-label=\"Formularz kontaktowy\" novalidate=\"novalidate\" data-status=\"init\">\n<div style=\"display: none;\">\n<input type=\"hidden\" name=\"_wpcf7\" value=\"7\" \/>\n<input type=\"hidden\" name=\"_wpcf7_version\" value=\"6.0.3\" \/>\n<input type=\"hidden\" name=\"_wpcf7_locale\" value=\"pl_PL\" \/>\n<input type=\"hidden\" name=\"_wpcf7_unit_tag\" value=\"wpcf7-f7-o1\" \/>\n<input type=\"hidden\" name=\"_wpcf7_container_post\" value=\"0\" \/>\n<input type=\"hidden\" name=\"_wpcf7_posted_data_hash\" value=\"\" \/>\n<\/div>\n<p><label> Twoje imi\u0119 i nazwisko<br \/>\n<span class=\"wpcf7-form-control-wrap\" data-name=\"your-name\"><input size=\"40\" maxlength=\"400\" class=\"wpcf7-form-control wpcf7-text wpcf7-validates-as-required\" autocomplete=\"name\" aria-required=\"true\" aria-invalid=\"false\" value=\"\" type=\"text\" name=\"your-name\" \/><\/span> <\/label>\n<\/p>\n<p><label> Tw\u00f3j adres e-mail<br \/>\n<span class=\"wpcf7-form-control-wrap\" data-name=\"your-email\"><input size=\"40\" maxlength=\"400\" class=\"wpcf7-form-control wpcf7-email wpcf7-validates-as-required wpcf7-text wpcf7-validates-as-email\" autocomplete=\"email\" aria-required=\"true\" aria-invalid=\"false\" value=\"\" type=\"email\" name=\"your-email\" \/><\/span> <\/label>\n<\/p>\n<p><label> Temat<br \/>\n<span class=\"wpcf7-form-control-wrap\" data-name=\"your-subject\"><input size=\"40\" maxlength=\"400\" class=\"wpcf7-form-control wpcf7-text wpcf7-validates-as-required\" aria-required=\"true\" aria-invalid=\"false\" value=\"\" type=\"text\" name=\"your-subject\" \/><\/span> <\/label>\n<\/p>\n<p><label> Twoja wiadomo\u015bci (opcjonalne)<br \/>\n<span class=\"wpcf7-form-control-wrap\" data-name=\"your-message\"><textarea cols=\"40\" rows=\"10\" maxlength=\"2000\" class=\"wpcf7-form-control wpcf7-textarea\" aria-invalid=\"false\" name=\"your-message\"><\/textarea><\/span> <\/label>\n<\/p>\n<p><input class=\"wpcf7-form-control wpcf7-submit has-spinner\" type=\"submit\" value=\"Wy\u015blij\" \/>\n<\/p><div class=\"wpcf7-response-output\" aria-hidden=\"true\"><\/div>\n<\/form>\n<\/div>\n<\/div>[\/vc_column][vc_column width=&#8221;1\/3&#8243;]<div class=\"ult-spacer spacer-69fac034d049b\" data-id=\"69fac034d049b\" data-height=\"0\" data-height-mobile=\"50\" data-height-tab=\"\" data-height-tab-portrait=\"\" data-height-mobile-landscape=\"50\" style=\"clear:both;display:block;\"><\/div>[vc_custom_heading text=&#8221;Kontakt&#8221; font_container=&#8221;tag:h5|text_align:left&#8221; use_theme_fonts=&#8221;yes&#8221; css=&#8221;&#8221;][vc_empty_space height=&#8221;10px&#8221;][vc_custom_heading text=&#8221;Skontaktuj si\u0119 z nami za pomoc\u0105 poni\u017cszego formularza, aby om\u00f3wi\u0107 sw\u00f3j projekt, sw\u00f3j pomys\u0142.&#8221; font_container=&#8221;tag:p|text_align:left&#8221; use_theme_fonts=&#8221;yes&#8221; css=&#8221;&#8221; el_class=&#8221;no-letter-spacing&#8221;][vc_empty_space height=&#8221;25px&#8221;][vc_empty_space height=&#8221;5px&#8221;][\/vc_column][\/vc_row]<\/p>\n<\/div>","protected":false},"excerpt":{"rendered":"<p>[vc_row full_width=&#8221;stretch_row&#8221; el_class=&#8221;contacts-zindex-higher&#8221;][vc_column][vc_separator][vc_empty_space height=&#8221;80px&#8221;][vc_row_inner][vc_column_inner width=&#8221;1\/3&#8243;][\/vc_column_inner][vc_column_inner width=&#8221;1\/3&#8243; css=&#8221;.vc_custom_1525886959910{padding-left: 40px !important;}&#8221;][\/vc_column_inner][vc_column_inner width=&#8221;1\/3&#8243;][\/vc_column_inner][\/vc_row_inner][vc_empty_space height=&#8221;50px&#8221;][\/vc_column][\/vc_row][vc_row css=&#8221;.vc_custom_1525886140033{padding-top: 100px !important;padding-right: 50px !important;padding-bottom: 100px !important;padding-left: 50px !important;}&#8221;][vc_column width=&#8221;2\/3&#8243;][\/vc_column][vc_column width=&#8221;1\/3&#8243;][vc_custom_heading text=&#8221;Kontakt&#8221; font_container=&#8221;tag:h5|text_align:left&#8221; use_theme_fonts=&#8221;yes&#8221; css=&#8221;&#8221;][vc_empty_space height=&#8221;10px&#8221;][vc_custom_heading text=&#8221;Skontaktuj si\u0119 z nami za pomoc\u0105 poni\u017cszego formularza, aby om\u00f3wi\u0107 sw\u00f3j projekt, sw\u00f3j pomys\u0142.&#8221; font_container=&#8221;tag:p|text_align:left&#8221; use_theme_fonts=&#8221;yes&#8221; css=&#8221;&#8221; el_class=&#8221;no-letter-spacing&#8221;][vc_empty_space height=&#8221;25px&#8221;][vc_empty_space height=&#8221;5px&#8221;][\/vc_column][\/vc_row]<\/p>\n","protected":false},"author":1,"featured_media":0,"parent":368,"menu_order":0,"comment_status":"closed","ping_status":"closed","template":"page.php","meta":{"footnotes":""},"class_list":["post-482","page","type-page","status-publish","hentry"],"yoast_head":"<!-- This site is optimized with the Yoast SEO plugin v24.2 - https:\/\/yoast.com\/wordpress\/plugins\/seo\/ -->\n<title>Kontakt - Dom na sesje zdj\u0119ciowe<\/title>\n<meta name=\"description\" content=\"Skontaktuj si\u0119 z nami, aby wynaj\u0105\u0107 stylowy dom na sesje zdj\u0119ciowe na \u015al\u0105sku. Oferujemy unikalne wn\u0119trza, naturalne \u015bwiat\u0142o i przestrze\u0144 idealn\u0105 dla fotograf\u00f3w, produkcji filmowych oraz kreatywnych projekt\u00f3w.\" \/>\n<meta name=\"robots\" content=\"index, follow, max-snippet:-1, max-image-preview:large, max-video-preview:-1\" \/>\n<link rel=\"canonical\" href=\"https:\/\/domnasesje.pl\/?page_id=482\" \/>\n<meta property=\"og:locale\" content=\"pl_PL\" \/>\n<meta property=\"og:type\" content=\"article\" \/>\n<meta property=\"og:title\" content=\"Kontakt - Dom na sesje zdj\u0119ciowe\" \/>\n<meta property=\"og:description\" content=\"Skontaktuj si\u0119 z nami, aby wynaj\u0105\u0107 stylowy dom na sesje zdj\u0119ciowe na \u015al\u0105sku. Oferujemy unikalne wn\u0119trza, naturalne \u015bwiat\u0142o i przestrze\u0144 idealn\u0105 dla fotograf\u00f3w, produkcji filmowych oraz kreatywnych projekt\u00f3w.\" \/>\n<meta property=\"og:url\" content=\"https:\/\/domnasesje.pl\/?page_id=482\" \/>\n<meta property=\"og:site_name\" content=\"Dom na sesje zdj\u0119ciowe\" \/>\n<meta property=\"article:modified_time\" content=\"2024-10-02T10:08:56+00:00\" \/>\n<meta name=\"twitter:card\" content=\"summary_large_image\" \/>\n<meta name=\"twitter:label1\" content=\"Szacowany czas czytania\" \/>\n\t<meta name=\"twitter:data1\" content=\"1 minuta\" \/>\n<script type=\"application\/ld+json\" class=\"yoast-schema-graph\">{\"@context\":\"https:\/\/schema.org\",\"@graph\":[{\"@type\":\"WebPage\",\"@id\":\"https:\/\/domnasesje.pl\/?page_id=482\",\"url\":\"https:\/\/domnasesje.pl\/?page_id=482\",\"name\":\"Kontakt - Dom na sesje zdj\u0119ciowe\",\"isPartOf\":{\"@id\":\"https:\/\/domnasesje.pl\/#website\"},\"datePublished\":\"2020-07-01T17:40:28+00:00\",\"dateModified\":\"2024-10-02T10:08:56+00:00\",\"description\":\"Skontaktuj si\u0119 z nami, aby wynaj\u0105\u0107 stylowy dom na sesje zdj\u0119ciowe na \u015al\u0105sku. Oferujemy unikalne wn\u0119trza, naturalne \u015bwiat\u0142o i przestrze\u0144 idealn\u0105 dla fotograf\u00f3w, produkcji filmowych oraz kreatywnych projekt\u00f3w.\",\"breadcrumb\":{\"@id\":\"https:\/\/domnasesje.pl\/?page_id=482#breadcrumb\"},\"inLanguage\":\"pl-PL\",\"potentialAction\":[{\"@type\":\"ReadAction\",\"target\":[\"https:\/\/domnasesje.pl\/?page_id=482\"]}]},{\"@type\":\"BreadcrumbList\",\"@id\":\"https:\/\/domnasesje.pl\/?page_id=482#breadcrumb\",\"itemListElement\":[{\"@type\":\"ListItem\",\"position\":1,\"name\":\"Strona g\u0142\u00f3wna\",\"item\":\"https:\/\/domnasesje.pl\/\"},{\"@type\":\"ListItem\",\"position\":2,\"name\":\"Pages\",\"item\":\"https:\/\/domnasesje.pl\/?page_id=368\"},{\"@type\":\"ListItem\",\"position\":3,\"name\":\"Kontakt\"}]},{\"@type\":\"WebSite\",\"@id\":\"https:\/\/domnasesje.pl\/#website\",\"url\":\"https:\/\/domnasesje.pl\/\",\"name\":\"Dom na sesje zdj\u0119ciowe\",\"description\":\"Kolejna witryna WordPress\",\"potentialAction\":[{\"@type\":\"SearchAction\",\"target\":{\"@type\":\"EntryPoint\",\"urlTemplate\":\"https:\/\/domnasesje.pl\/?s={search_term_string}\"},\"query-input\":{\"@type\":\"PropertyValueSpecification\",\"valueRequired\":true,\"valueName\":\"search_term_string\"}}],\"inLanguage\":\"pl-PL\"}]}<\/script>\n<!-- \/ Yoast SEO plugin. -->","yoast_head_json":{"title":"Kontakt - Dom na sesje zdj\u0119ciowe","description":"Skontaktuj si\u0119 z nami, aby wynaj\u0105\u0107 stylowy dom na sesje zdj\u0119ciowe na \u015al\u0105sku. Oferujemy unikalne wn\u0119trza, naturalne \u015bwiat\u0142o i przestrze\u0144 idealn\u0105 dla fotograf\u00f3w, produkcji filmowych oraz kreatywnych projekt\u00f3w.","robots":{"index":"index","follow":"follow","max-snippet":"max-snippet:-1","max-image-preview":"max-image-preview:large","max-video-preview":"max-video-preview:-1"},"canonical":"https:\/\/domnasesje.pl\/?page_id=482","og_locale":"pl_PL","og_type":"article","og_title":"Kontakt - Dom na sesje zdj\u0119ciowe","og_description":"Skontaktuj si\u0119 z nami, aby wynaj\u0105\u0107 stylowy dom na sesje zdj\u0119ciowe na \u015al\u0105sku. Oferujemy unikalne wn\u0119trza, naturalne \u015bwiat\u0142o i przestrze\u0144 idealn\u0105 dla fotograf\u00f3w, produkcji filmowych oraz kreatywnych projekt\u00f3w.","og_url":"https:\/\/domnasesje.pl\/?page_id=482","og_site_name":"Dom na sesje zdj\u0119ciowe","article_modified_time":"2024-10-02T10:08:56+00:00","twitter_card":"summary_large_image","twitter_misc":{"Szacowany czas czytania":"1 minuta"},"schema":{"@context":"https:\/\/schema.org","@graph":[{"@type":"WebPage","@id":"https:\/\/domnasesje.pl\/?page_id=482","url":"https:\/\/domnasesje.pl\/?page_id=482","name":"Kontakt - Dom na sesje zdj\u0119ciowe","isPartOf":{"@id":"https:\/\/domnasesje.pl\/#website"},"datePublished":"2020-07-01T17:40:28+00:00","dateModified":"2024-10-02T10:08:56+00:00","description":"Skontaktuj si\u0119 z nami, aby wynaj\u0105\u0107 stylowy dom na sesje zdj\u0119ciowe na \u015al\u0105sku. Oferujemy unikalne wn\u0119trza, naturalne \u015bwiat\u0142o i przestrze\u0144 idealn\u0105 dla fotograf\u00f3w, produkcji filmowych oraz kreatywnych projekt\u00f3w.","breadcrumb":{"@id":"https:\/\/domnasesje.pl\/?page_id=482#breadcrumb"},"inLanguage":"pl-PL","potentialAction":[{"@type":"ReadAction","target":["https:\/\/domnasesje.pl\/?page_id=482"]}]},{"@type":"BreadcrumbList","@id":"https:\/\/domnasesje.pl\/?page_id=482#breadcrumb","itemListElement":[{"@type":"ListItem","position":1,"name":"Strona g\u0142\u00f3wna","item":"https:\/\/domnasesje.pl\/"},{"@type":"ListItem","position":2,"name":"Pages","item":"https:\/\/domnasesje.pl\/?page_id=368"},{"@type":"ListItem","position":3,"name":"Kontakt"}]},{"@type":"WebSite","@id":"https:\/\/domnasesje.pl\/#website","url":"https:\/\/domnasesje.pl\/","name":"Dom na sesje zdj\u0119ciowe","description":"Kolejna witryna WordPress","potentialAction":[{"@type":"SearchAction","target":{"@type":"EntryPoint","urlTemplate":"https:\/\/domnasesje.pl\/?s={search_term_string}"},"query-input":{"@type":"PropertyValueSpecification","valueRequired":true,"valueName":"search_term_string"}}],"inLanguage":"pl-PL"}]}},"_links":{"self":[{"href":"https:\/\/domnasesje.pl\/index.php?rest_route=\/wp\/v2\/pages\/482"}],"collection":[{"href":"https:\/\/domnasesje.pl\/index.php?rest_route=\/wp\/v2\/pages"}],"about":[{"href":"https:\/\/domnasesje.pl\/index.php?rest_route=\/wp\/v2\/types\/page"}],"author":[{"embeddable":true,"href":"https:\/\/domnasesje.pl\/index.php?rest_route=\/wp\/v2\/users\/1"}],"replies":[{"embeddable":true,"href":"https:\/\/domnasesje.pl\/index.php?rest_route=%2Fwp%2Fv2%2Fcomments&post=482"}],"version-history":[{"count":6,"href":"https:\/\/domnasesje.pl\/index.php?rest_route=\/wp\/v2\/pages\/482\/revisions"}],"predecessor-version":[{"id":2392,"href":"https:\/\/domnasesje.pl\/index.php?rest_route=\/wp\/v2\/pages\/482\/revisions\/2392"}],"up":[{"embeddable":true,"href":"https:\/\/domnasesje.pl\/index.php?rest_route=\/wp\/v2\/pages\/368"}],"wp:attachment":[{"href":"https:\/\/domnasesje.pl\/index.php?rest_route=%2Fwp%2Fv2%2Fmedia&parent=482"}],"curies":[{"name":"wp","href":"https:\/\/api.w.org\/{rel}","templated":true}]}}